
43, 73
List the prime factors of 958.
2, 479
What are the prime factors of 18709?
53, 353
List the prime factors of 243.
3
What are the prime factors of 17932?
2, 4483
List the prime factors of 59738.
2, 7, 17, 251
List the prime factors of 5187.
3, 7, 13, 19
List the prime factors of 2988.
2, 3, 83
What are the prime factors of 57245?
5, 107
List the prime factors of 207.
3, 23
What are the prime factors of 3567?
3, 29, 41
List the prime factors of 1190.
2, 5, 7, 17
List the prime factors of 4971.
3, 1657
List the prime factors of 48530.
2, 5, 23, 211
What are the prime factors of 178?
2, 89
List the prime factors of 2426.
2, 1213
What are the prime factors of 237?
3, 79
What are the prime factors of 31257?
3, 23, 151
List the prime factors of 1538.
2, 769
List the prime factors of 4345.
5, 11, 79
What are the prime factors of 17440?
2, 5, 109
What are the prime factors of 264?
2, 3, 11
What are the prime factors of 71028?
2, 3, 1973
List the prime factors of 31060.
2, 5, 1553
List the prime factors of 898.
2, 449
List the prime factors of 4919.
4919
What are the prime factors of 1995?
3, 5, 7, 19
List the prime factors of 70128.
2, 3, 487
What are the prime factors of 178?
2, 89
List the prime factors of 12613.
12613
What are the prime factors of 8559?
3, 317
List the prime factors of 22460.
2, 5, 1123
List the prime factors of 21284.
2, 17, 313
List the prime factors of 1642.
2, 821
List the prime factors of 53061.
3, 23, 769
List the prime factors of 3905.
5, 11, 71
List the prime factors of 23536.
2, 1471
List the prime factors of 1644.
2, 3, 137
List the prime factors of 377.
13, 29
What are the prime factors of 52767?
3, 11, 13, 41
List the prime factors of 1528.
2, 191
What are the prime factors of 4434?
2, 3, 739
What are the prime factors of 118277?
118277
List the prime factors of 11325.
3, 5, 151
List the prime factors of 384.
2, 3
List the prime factors of 22894.
2, 11447
List the prime factors of 14469.
3, 7, 13, 53
List the prime factors of 7131.
3, 2377
What are the prime factors of 1999?
1999
What are the prime factors of 1630?
2, 5, 163
List the prime factors of 818.
2, 409
What are the prime factors of 4667?
13, 359
List the prime factors of 7004.
2, 17, 103
List the prime factors of 3400.
2, 5, 17
What are the prime factors of 30503?
11, 47, 59
What are the prime factors of 11614?
2, 5807
What are the prime factors of 3831?
3, 1277
What are the prime factors of 9959?
23, 433
List the prime factors of 13744.
2, 859
List the prime factors of 55329.
3, 18443
List the prime factors of 323.
17, 19
List the prime factors of 2696.
2, 337
List the prime factors of 1522.
2, 761
List the prime factors of 170.
2, 5, 17
What are the prime factors of 4336?
2, 271
What are the prime factors of 433?
433
List the prime factors of 219.
3, 73
What are the prime factors of 320?
2, 5
What are the prime factors of 150242?
2, 43, 1747
What are the prime factors of 1734?
2, 3, 17
What are the prime factors of 13581?
3, 503
What are the prime factors of 6524?
2, 7, 233
List the prime factors of 982.
2, 491
List the prime factors of 1050.
2, 3, 5, 7
What are the prime factors of 653?
653
What are the prime factors of 26698?
2, 7, 1907
List the prime factors of 1228.
2, 307
List the prime factors of 744.
2, 3, 31
List the prime factors of 7509.
3, 2503
What are the prime factors of 2561?
13, 197
What are the prime factors of 1593?
3, 59
List the prime factors of 560.
2, 5, 7
List the prime factors of 2954.
2, 7, 211
What are the prime factors of 19405?
5, 3881
List the prime factors of 1199.
11, 109
List the prime factors of 27121.
37, 733
What are the prime factors of 42716?
2, 59, 181
List the prime factors of 9401.
7, 17, 79
List the prime factors of 13607.
11, 1237
List the prime factors of 118440.
2, 3, 5, 7, 47
List the prime factors of 26522.
2, 89, 149
What are the prime factors of 17517?
3, 5839
List the prime factors of 4953.
3, 13, 127
List the prime factors of 566.
2, 283
List the prime factors of 14301.
3, 7, 227
What are the prime factors of 358?
2, 179
List the prime factors of 1327.
1327
What are the prime factors of 8065?
5, 1613
What are the prime factors of 17842?
2, 11, 811
List the prime factors of 1632.
2, 3, 17
List the prime factors of 1240.
2, 5, 31
What are the prime factors of 802?
2, 401
What are the prime factors of 777?
3, 7, 37
What are the prime factors of 854?
2, 7, 61
List the prime factors of 20206.
2, 10103
What are the prime factors of 15416?
2, 41, 47
List the prime factors of 1551.
3, 11, 47
What are the prime factors of 91405?
5, 101, 181
List the prime factors of 27890.
2, 5, 2789
What are the prime factors of 133?
7, 19
List the prime factors of 119151.
3, 1471
List the prime factors of 313.
313
What are the prime factors of 105?
3, 5, 7
What are the prime factors of 17602?
2, 13, 677
List the prime factors of 7116.
2, 3, 593
List the prime factors of 2122.
2, 1061
What are the prime factors of 21147?
3, 7, 19, 53
List the prime factors of 36130.
2, 5, 3613
What are the prime factors of 22533?
3, 7, 29, 37
List the prime factors of 13146.
2, 3, 7, 313
What are the prime factors of 662?
2, 331
What are the prime factors of 3870?
2, 3, 5, 43
List the prime factors of 29498.
2, 7, 43
What are the prime factors of 19633?
29, 677
What are the prime factors of 421?
421
What are the prime factors of 2813?
29, 97
List the prime factors of 399.
3, 7, 19
List the prime factors of 699.
3, 233
What are the prime factors of 285?
3, 5, 19
What are the prime factors of 130541?
31, 4211
What are the prime factors of 44728?
2, 5591
What are the prime factors of 166745?
5, 33349
List the prime factors of 69129.
3, 7681
What are the prime factors of 974?
2, 487
What are the prime factors of 37856?
2, 7, 13
List the prime factors of 7394.
2, 3697
List the prime factors of 395.
5, 79
What are the prime factors of 17283?
3, 7, 823
List the prime factors of 1184.
2, 37
List the prime factors of 17929.
17929
What are the prime factors of 35971?
13, 2767
What are the prime factors of 4992?
2, 3, 13
List the prime factors of 4548.
2, 3, 379
List the prime factors of 37535.
5, 7507
List the prime factors of 368.
2, 23
List the prime factors of 19305.
3, 5, 11, 13
What are the prime factors of 27667?
73, 379
What are the prime factors of 121?
11
What are the prime factors of 53?
53
List the prime factors of 2083.
2083
What are the prime factors of 8497?
29, 293
What are the prime factors of 5210?
2, 5, 521
List the prime factors of 3099.
3, 1033
List the prime factors of 90695.
5, 11, 17, 97
What are the prime factors of 531?
3, 59
What are the prime factors of 2912?
2, 7, 13
List the prime factors of 1516.
2, 379
List the prime factors of 1551.
3, 11, 47
List the prime factors of 566.
2, 283
What are the prime factors of 20937?
3, 7, 997
What are the prime factors of 49944?
2, 3, 2081
List the prime factors of 86.
2, 43
List the prime factors of 8278.
2, 4139
What are the prime factors of 24331?
29, 839
What are the prime factors of 360?
2, 3, 5
What are the prime factors of 2503?
2503
What are the prime factors of 3012?
2, 3, 251
What are the prime factors of 1809?
3, 67
What are the prime factors of 46715?
5, 9343
List the prime factors of 62341.
31, 2011
What are the prime factors of 9677?
9677
What are the prime factors of 2116?
2, 23
List the prime factors of 1152.
2, 3
What are the prime factors of 6478?
2, 41, 79
What are the prime factors of 2276?
2, 569
List the prime factors of 7960.
2, 5, 199
What are the prime factors of 1906?
2, 953
List the prime factors of 41611.
41611
List the prime factors of 6258.
2, 3, 7, 149
What are the prime factors of 8281?
7, 13
What are the prime factors of 2033?
19, 107
What are the prime factors of 17866?
2, 8933
What are the prime factors of 9676?
2, 41, 59
What are the prime factors of 8908?
2, 17, 131
List the prime factors of 5941.
13, 457
List the prime factors of 1353.
3, 11, 41
List the prime factors of 9900.
2, 3, 5, 11
List the prime factors of 908.
2, 227
List the prime factors of 1656.
2, 3, 23
What are the prime factors of 1185?
3, 5, 79
What are the prime factors of 2010?
2, 3, 5, 67
List the prime factors of 4509.
3, 167
What are the prime factors of 52087?
7, 1063
List t